nd 12.
3
Suppose -a = -2*z + a, -z - 4*a = -15. Suppose 5*r - b - 74 = 0, -3 + 6 = 3*b. Calculate the greatest common factor of r and z.
3
Let n be (-17)/34 - (-2 + (-15)/2). Calculate the greatest common divisor of n and 27.
9
Let l(h) = -h**3 + 9*h**2 - 9*h + 11. Let p be l(8). Suppose 5*a + p = 68. What is the greatest common factor of 13 and a?
13
Suppose 18 = -7*b + 46. Let o(j) = -j + 4. Let a be o(5). Let x = a + b. What is the highest common factor of x and 3?
3
Let z = 13 + -11. What is the highest common divisor of 12 and z?
2
Suppose 0 = -s - 23 + 7. Let o be 2*(33 + -2 + 3). Let x = o - s. What is the highest common factor of 12 and x?
12
Let n(l) be the second derivative of 55*l**3/3 + 2*l**2 - 2*l. Let v be n(-6). Let w be v/(-12) - 2/(-6). Calculate the highest common divisor of w and 11.
11
Suppose 2*a = -4*q + 6, 2*q + 0*a + 9 = -5*a. Let l(d) = -d**3 - 6*d**2 - 2*d + 3. Let j be l(-6). Calculate the highest common divisor of q and j.
3
Suppose 6*b - 2*b = 20. Suppose 0 = z - 2*r - 87 - 6, b*z + 2*r - 465 = 0. What is the greatest common divisor of z and 31?
31
Suppose -i = -6*i - 200. Let o = i + 106. Let z(k) = k**2 + 3*k - 12. Let c be z(-6). Calculate the highest common factor of c and o.
6
Suppose o - u + 54 = 2*o, -3*o + 5*u = -194. Suppose 5*y = 4*a - 13 - o, 4*y = -2*a + 16. Calculate the highest common divisor of 21 and a.
7
Suppose 0 = -2*j - w + 64, 2*w + 56 = 2*j + w. Calculate the greatest common factor of 75 and j.
15
Let m(i) be the first derivative of -i**2/2 + 2*i - 3. Let l be m(-6). What is the highest common factor of 40 and l?
8
Let x = -22 - -88. Calculate the highest common divisor of 44 and x.
22
Let f be (-60)/(-7) - 4/(84/(-9)). Calculate the highest common factor of f and 45.
9
Let r(p) = -p + 13. Let i be r(13). Suppose -4*s - 3*w + 24 = i, -4*s + s + 5 = -w. Calculate the greatest common factor of s and 24.
3
Suppose 0 = -2*t - 5*w - 91, t + 49 = -0*t + w. Let y be 30/9*t/(-10). Calculate the highest common factor of y and 64.
16
Suppose -k = -1 - 9. Let v be (2 - 2/(-4))*4. Calculate the highest common factor of v and k.
10
Let m(c) = -c**2 + 2*c + 3. Let h be m(4). Let i(w) = -w**2 - 5*w. Let l be i(h). Let f be 2/(2/27) + l. What is the greatest common divisor of f and 3?
3
Suppose 3*f - 15 = -231. Let o be (f/(-6))/(6/4). What is the highest common factor of o and 2?
2
Let i = 4 + -1. Let x(c) = 4*c - 46. Let b be x(12). What is the highest common factor of b and i?
1
Suppose 0 = 4*t - 29 - 27. Calculate the greatest common divisor of t and 84.
14
Let n(h) = -6*h + 15. Let b be n(-14). Calculate the greatest common factor of b and 11.
11
Let s(x) = -x - 6. Let r be s(9). Let z = -3 - r. Calculate the greatest common divisor of z and 48.
12
Suppose 405 = 19*k + 44. What is the highest common divisor of k and 380?
19
Let h be ((-2 - -4)*2)/4. Let r(f) = 79*f**2 + 3*f - 2. Let o be r(h). Suppose -3*w + 13 + 17 = 0. Calculate the greatest common divisor of w and o.
10
Suppose 5*h + 1425 = 5*k, -3*h + 476 = 4*k - 685. Calculate the greatest common divisor of 32 and k.
32
Suppose -5*n + w = -3*w - 90, -2*n = 5*w - 36. Calculate the highest common divisor of 12 and n.
6
Suppose -6*n + 15*n - 405 = 0. Calculate the highest common divisor of n and 30.
15
Let y = -6 + 78. Suppose 0 = 2*i + 2*i - y. Calculate the highest common factor of 126 and i.
18
Let p be -1*(-2)/(-2) + -1. Let y = 5 - p. Calculate the greatest common divisor of y and 49.
7
Let x(b) = 7*b - 74. Let d be x(11). Calculate the highest common factor of 51 and d.
3
Let u be ((-6)/4)/(3/(-4)). Let l be 8/(-2)*u/(-4). Let f be 1 + 2 + (-4)/4. What is the highest common factor of f and l?
2
Let d be 10/1*9/18. Suppose 5*h - 75 = d*o, h + o = 5*o + 21. What is the greatest common factor of h and 143?
13
Suppose -9 - 27 = -6*x. What is the highest common factor of 42 and x?
6
Let u(f) = f**2 + 3*f + 3. Let m be u(-5). Suppose 4*j - 501 = 1579. Suppose 5*a - j = p, 3*a - 3*p + 123 = 435. What is the highest common divisor of m and a?
13
Let p(a) = 5*a - 6. Let z be p(4). Let v = z - -6. Suppose 1 = -s, -3*l - s + v = -0*l. What is the highest common factor of l and 49?
7
Let j = 19 + -17. Let n be (j + -3)*70/(-10). What is the highest common divisor of n and 7?
7
Let z be 1/(-4) - 185/(-20). Calculate the greatest common divisor of 72 and z.
9
Let k be (-1 + (-16)/(-12))*12. Suppose 0 = -u + k*u - 54. What is the greatest common divisor of u and 45?
9
Suppose -3*f = -0*f - 90. Let o = f - 21. Suppose 0 = 2*n - 3*g - 39, -g + 3*g - 10 = 0. Calculate the greatest common divisor of n and o.
9
Let n(o) = o + 11. Suppose q = -q + 5*x, -5*q = -3*x. Let u be n(q). Calculate the highest common factor of 33 and u.
11
Let d = -23 - -26. What is the highest common factor of 6 and d?
3
Let h be (-165)/(-3) + (-1)/1. What is the greatest common factor of 6 and h?
6
Suppose 15 = -3*a, -2*a + 145 = 5*k + 2*a. Calculate the highest common factor of k and 165.
33
Suppose -2*w + 2 = 4*u, 4*u - 2*w = -6 - 12. Let a be (1 + 2)*(-8)/(-6). Let p = u + a. What is the highest common divisor of p and 22?
2
Suppose -g + 7 = -0. Suppose x - g = 4. What is the greatest common factor of 99 and x?
11
Suppose -5*z + 52 = -23. Calculate the greatest common factor of z and 45.
15
Let g = 207 - 127. What is the greatest common factor of 10 and g?
10
Let w be -1*(1 - (2 + 27)). Suppose -70 = -5*h - y + 2*y, -h + 5*y = -14. Calculate the greatest common divisor of w and h.
14
Let d(x) = -x**3 + x - 8 + 7*x**2 - x + 3*x. Suppose -3 = -3*n, -2*r - 6 = 4*n - 24. Let l be d(r). What is the greatest common factor of l and 65?
13
Let m(z) = -12*z + 1. Let j be m(11). Let d = j - -251. What is the greatest common divisor of 12 and d?
12
Let v be 78/4*8/6. Let a be 1/1 + 2 - -259. Suppose 2 - a = -4*o. What is the greatest common divisor of v and o?
13
Suppose 0 = o - 5*h + 108, 5*o + 2*h = 4*h - 632. Let u be 6/(-2 - o/62). Calculate the greatest common factor of 31 and u.
31
Let p = 4 + 3. Let j(q) = q**3 + 3*q**2 + 2*q. Let z be j(-2). Suppose h = -2*k + 96, -2*k + 5*h + 108 = -z*h. Calculate the greatest common divisor of k and p.
7
Let s(r) = -r + 3. Let j = -4 - -7. Let g be s(j). Suppose -3*x + 5*b - 6*b + 23 = g, 5*x = 3*b + 43. What is the highest common factor of 32 and x?
8
Let d be (12 - 14)*-1*4. Let q be (3 - 1)*(-4)/(-1). What is the greatest common factor of q and d?
8
Suppose 34 = d + 2. Let l = 482 - 339. Let n be (-1)/(-3) - l/(-3). What is the greatest common factor of n and d?
16
Suppose 0 + 15 = 3*x. Let g be ((-18)/21)/(x/(-1050)). What is the highest common factor of 20 and g?
20
Suppose 1 = -5*t + 11. Suppose 0 = -4*j + 5*i + 65, -2*i + 0 = t. Calculate the highest common divisor of 135 and j.
15
Suppose 132 = 7*l + 4*l. What is the greatest common factor of 24 and l?
12
Let y(u) = u**2 + 9*u + 16. Let x be y(-8). Calculate the greatest common factor of x and 8.
8
Suppose 0 = 5*z, 2*d + z + 2*z - 18 = 0. What is the highest common divisor of d and 9?
9
Suppose -5*w = -u - 344, 5*u - 2*u + 204 = 3*w. Let t be 4 - (0 + (0 - 19)). What is the highest common divisor of t and w?
23
Let r(c) = 8*c**2 - c + 6. Let n(w) = w**2 - w + 1. Let o(t) = -3*n(t) + r(t). Let h be o(-4). Calculate the highest common divisor of 50 and h.
25
Let f(b) = -b + 4. Let m = -8 + 14. Let y be f(m). Let x be (y - -4) + (-1 - 0). What is the greatest common factor of x and 1?
1
Suppose 1129 = 4*v + 457. Let c = 288 - v. Suppose -3*y = -y - c. What is the highest common factor of 12 and y?
12
Let p = -22 - -49. Let x be (216/(-10))/(p/(-90)). What is the highest common factor of x and 18?
18
Let m = -141 - -209. Calculate the greatest common factor of 4 and m.
4
Let m = -4 + 7. Let y = -5 - -8. Suppose -m*w + y*c = -144, 0 = -w + 5*c + 52 - 4. Calculate the highest common divisor of 12 and w.
12
Suppose 0 = -2*b + 3*q - 8, -12 = -0*b - 2*b - 2*q. Suppose 2 = -2*s - 6. Let m be ((-9)/2)/(3/s). Calculate the greatest common divisor of b and m.
2
Let r = 81 - 5. Calculate the greatest common divisor of 4 and r.
4
Let m = -77 - -85. Calculate the highest common factor of m and 24.
8
Suppose 3*o - 31 = 8. What is the greatest common factor of o and 26?
13
Let w(f) = 4*f + 14. Let q be w(3). 